 + 315 = 0. What are the prime factors of m?
59
Suppose -2*b + 2 = -b. Let g(i) = 0*i**2 + 4 - 9*i - i**2 - b. List the prime factors of g(-8).
2, 5
Let k(i) = i**3 + 3*i**2 - 15 + 6 + 3*i - 10*i**2 + 0*i**3. Let u be k(7). Suppose -48 = -4*h - u. List the prime factors of h.
3
Let y = 32 + 23. Suppose c + x = 12, 5*c = 2*x + 5 + y. What are the prime factors of c?
2, 3
Suppose -4*f + 451 = 5*t, 0 = 3*t - 0*t - f - 274. What are the prime factors of t?
7, 13
Suppose w - 3*n = -7, 12 = w + 4*n - 2. List the prime factors of 3 + -2 + 22 - w.
3, 7
Let y = 6 + -4. Let s(x) = 3*x**3 - 2*x**3 - 4*x - 1 + y*x. What are the prime factors of s(2)?
3
Let q(t) = t**3 + 8*t**2 - 3*t - 10. Let s be q(-8). Suppose 182 = 4*n - s. List the prime factors of n.
7
Let a = -13 + 58. List the prime factors of a.
3, 5
Let l(s) = 4*s + 7 + s**2 + 0 - 5*s. What are the prime factors of l(5)?
3
List the prime factors of 62/6*(0 - (-3 + 0)).
31
Let v(g) = -g + 6. Let o = -9 - -15. Let f be v(o). Suppose u = -7*j + 4*j + 3, f = 3*j + 5*u + 9. What are the prime factors of j?
2
Let c(j) = 63*j**2 - 2*j + 6. List the prime factors of c(2).
2, 127
Let b = -110 - -416. Suppose 6*s - b = -0*s. What are the prime factors of s?
3, 17
Suppose -44 = -0*y - 4*y + 4*m, 5*y - 4*m - 50 = 0. What are the prime factors of -3*(40/y)/(-4)?
5
Let m = 4 - -20. List the prime factors of m.
2, 3
Let p(j) = 24*j - 12. List the prime factors of p(3).
2, 3, 5
Let j = -4 - -6. Suppose 5*u = -j*y - 24 + 5, 2*y = -u - 7. Let s = y - -9. What are the prime factors of s?
7
Suppose -t = 4*c - 89, 3*t + 3*c - 222 = -0*t. List the prime factors of t/21 - 2/7.
3
Let i be (2/(-4))/((-5)/(-10)). Let b(o) = -2*o - 3. Let d be b(-6). What are the prime factors of d + (1 - i - 3)?
2
Let d = 3 + -2. Let g be ((-6)/(-8))/((-148)/48 - -3). Let h = d - g. List the prime factors of h.
2, 5
Suppose 0 = 2*g + 3*p - 136, 0 = -6*g + g - p + 327. What are the prime factors of g?
5, 13
Suppose 0 = -t - 0*t - 3. Let u = 3 - t. Suppose -u*n - 30 = -5*r - n, -4*r - n = -49. What are the prime factors of r?
11
Suppose -2*s - 118 = -6. List the prime factors of (126/(-49))/(6/s).
2, 3
Let h = -4 + 4. Suppose 0*j - j = v + 20, h = -3*j + 5*v - 76. Let o = -13 - j. List the prime factors of o.
3
Let q(a) = a + 7. Let b be q(-8). Let u(f) = 5*f**2 + 2*f + 1. Let d be u(b). Suppose 0 = -2*p + 2*c - c + 11, p + 5 = d*c. What are the prime factors of p?
7
List the prime factors of 78/(25/(-10) - -4).
2, 13
Suppose 2*u - 176 = -0*u. Let m = u - 54. What are the prime factors of m?
2, 17
Let c be (-3)/(1 - -2) - 16. Let w(i) = -18*i - 1. Let y be w(-2). Let r = c + y. List the prime factors of r.
2, 3
Suppose 4*s - 4*x - 496 = 0, x - 2 = -x. Suppose s = 6*g - 1. List the prime factors of g.
3, 7
Suppose 5*w - 12 = w. Suppose -5*g = b - 47, -w*g - 11 + 131 = 4*b. List the prime factors of b.
3
Let g(s) = 2*s**2 - 15*s - 5. Let d(f) = f**2 + 7*f - 10. Let j be d(-9). What are the prime factors of g(j)?
3
Let h = -105 - -204. What are the prime factors of h?
3, 11
Let z(m) = m**2 - m - 2. Let t = 5 + -3. Let v be (-1 - 1)/((-1)/t). List the prime factors of z(v).
2, 5
Suppose 3*x - 13 = 14. Let c(l) = -l**2 + 9*l + 1. Let j be c(x). List the prime factors of (0 - -2) + 9 - j.
2, 5
Let f = -25 - -73. What are the prime factors of f?
2, 3
Suppose 241 = i - 3*y + 63, -3*i - 2*y + 567 = 0. List the prime factors of i.
11, 17
List the prime factors of (3 + 111/(-9))*-3.
2, 7
Suppose h = -v + 233, 2*v + 2*h = v + 232. Suppose -n + v = 5*m, -3*m + 4*n = -4*m + 62. List the prime factors of m.
2, 23
Suppose -4*h + 30 = 4*c - 710, -2*c - 5*h = -364. List the prime factors of c.
11, 17
Let z = 21 + 8. Suppose -z = -3*c + c + 5*k, 0 = 5*k + 15. What are the prime factors of c?
7
Let l(t) = t**2 - 6*t + 5. Let m be 1 - -4*(-9)/(-6). Let h be l(m). List the prime factors of h/((-15)/(-6) + -1).
2
Let t(l) = -l**3 - 7*l**2 + 7*l. Let g be t(-8). Suppose -g = 5*m - 43. List the prime factors of m.
7
Let p = 2 - -1. Suppose p = -i + 7. What are the prime factors of i?
2
Let k = 64 - 45. Suppose -3*c = -k - 14. What are the prime factors of c?
11
What are the prime factors of (15/(-10))/((-3)/70)?
5, 7
Let q = -9 - 3. Let x be q/(-2) - 8/4. Let d = 12 - x. What are the prime factors of d?
2
Suppose -4*y + 10 + 22 = 0. Let x(b) = -b**3 - 8*b**2 + b + 10. Let r be x(-8). Suppose y = 4*c + 3*g - 14, r*c - 2*g = 4. List the prime factors of c.
2
Suppose 3*n + 3*g = 30, 2*n = 2*g + g + 30. Suppose 5*s = 67 - n. List the prime factors of s.
11
Let o(x) = x**3 - 2*x**2 - x + 3. Let g be o(3). Let m = g - 4. List the prime factors of 18/m - 2/(-5).
2
Let k = 10 - 15. Let m(l) = 1 + 0 + 0 - l. What are the prime factors of m(k)?
2, 3
List the prime factors of ((-6)/15 - 0)*-135.
2, 3
Let l(i) be the second derivative of i**3 - 5*i**2/2 - i. Let g be l(6). Let f = g + -21. What are the prime factors of f?
2, 5
Suppose -2*o = -47 - 63. List the prime factors of o.
5, 11
Let i be 2 - (1 - (2 - 2)). Let v(s) = 16*s**2 + s - 1. Let k be v(i). Let w = k - 9. What are the prime factors of w?
7
Let n(f) be the third derivative of f**6/120 + f**5/6 + 5*f**4/12 + 2*f**3 - 3*f**2. Let t be n(-9). What are the prime factors of 0 - 5*(1 - t)?
2, 5
Suppose 14*k + 74 = 16*k. What are the prime factors of k?
37
What are the prime factors of 0/1 - (3 + -57)?
2, 3
Let u = 398 - 199. List the prime factors of u.
199
List the prime factors of (-59)/2*-3 - 3/(-6).
89
Let x(a) = 5*a**2 + 6*a + 6. Let u be x(-6). Let j be 2/7 - u/(-14). Let m = j + -4. List the prime factors of m.
7
Suppose 3*s = 4*v + 3 + 3, 0 = s + v - 2. Suppose -4 = w - s*w. What are the prime factors of w?
2
Let h(d) = -9*d + 4. Let y(t) = 17*t - 9. Let z(m) = 9*h(m) + 4*y(m). List the prime factors of z(-1).
13
Let k(z) = -z**2 + 3*z + 4. Let g(l) = l**3 - 4*l**2 + 3*l + 3. Let n be g(3). Let w be k(n). Suppose 0 = -w*j + 9 + 3. List the prime factors of j.
3
Suppose -2*j + j = 28. Let n = 42 + j. What are the prime factors of n?
2, 7
Suppose d + d = -6. Let b be (-1 - 5)*2/d. Suppose 0 = b*x - 21 + 1. List the prime factors of x.
5
Suppose 2*b + 80 = 3*h, h + 0*b - 50 = -4*b. List the prime factors of h.
2, 3, 5
Let w(h) = -23 + 19*h + 13 + 8. List the prime factors of w(2).
2, 3
Suppose 632 = 4*k + 40. What are the prime factors of k?
2, 37
Suppose -5*m + k = -1051, -4*m + 5*k + 824 = -0*k. What are the prime factors of m?
211
Suppose -z = -2*k - 13, 2*k - 2*z + 11 = k. Suppose 0 = -2*o + 5 + 31. Let w = k + o. List the prime factors of w.
13
Suppose -23 = -4*d + 61. Let j = 14 - 8. What are the prime factors of (-57)/(-21) + j/d?
3
Suppose -2*c + 8 + 168 = 0. Suppose -f - 53 = -3*j + j, 4*f = -4*j + c. What are the prime factors of j?
5
Let t be 2/5 - 3/(-5). Let m be (1 - 5)/(t/(-4)). Let y = m - 10. What are the prime factors of y?
2, 3
Let m = 32 + -5. What are the prime factors of m?
3
List the prime factors of (1 - (-186)/(-42))/((-1)/14).
2, 3
Suppose -933 = -5*j - 4*k, 555 = 3*j + k + 3*k. List the prime factors of j.
3, 7
Suppose 83 = -0*d + 4*d - 5*v, 0 = 3*v - 15. What are the prime factors of d?
3
Suppose 5*c - 75 = -5*a, 50 + 10 = 4*c - 3*a. What are the prime factors of c?
3, 5
Suppose -2*v + 426 = 3*o, 0*o + 4*o - 5*v - 591 = 0. List the prime factors of o.
2, 3
Let b = -19 - -21. Suppose 0*r - 18 = -b*r. List the prime factors of r.
3
Let w = 11 + -6. Suppose 0*o + 4*o = -5*a - w, o = 0. What are the prime factors of 12/((-9)/6*a)?
2
Let y(d) be the second derivative of d**5/20 - d**4/12 - 2*d**3/3 - d**2/2 + d. List the prime factors of y(3).
5
Let n(x) = -x**3 + 11*x**2 + 13*x - 13. Let s be n(12). What are the prime factors of 21 + -3*(-1)/s?
2, 3
Let s = 19 + 69. List the prime factors of s.
2, 11
Let i be (-1)/1*0/5. Suppose -4*z + i*r = 5*r - 62, -z + 5*r = -3. List the prime factors of z.
13
Suppose 3*w - 113 = 2*r - 0*r, -3*r + 71 = 2*w. What are the prime factors of w?
37
Let q = -40 + 131. List the prime factors of q.
7, 13
Let g be 1 - 0 - (-2)/2. Let s(y) = y**2 + y - 2. Let c be s(g). Suppose 0 = -2*u - 2*p + c*p, -4*u + 30 = 2*p. What are the prime factors of u?
5
Let t(v) = v**2 - 7*v - 6. Let c be t(6). Let u be -1*1 + c/6. List the prime factors of (-6)/(-10)*(8 + u).
3